e 2 - (-5 - (42 + 7)) - 13 - 0.
43
Calculate (1 - -4) + -16 + (6 - 9 - -11) + 35.
32
What is the value of 1 + 3 + 24 + (-56 - -4) + 77?
53
What is the value of 33 - (123 - 115 - (-3 + -11 + 6 + 24))?
41
What is the value of 5 + 14 + -12 + -48 + -7?
-48
Evaluate -6 + (2 - 17 - (32 - (-24 - -34))).
-43
What is -394 + 394 + (-2 - (-28 + 3)) + 97?
120
Calculate -2 - (2 + -15) - (-7 - (-75 - -9)).
-48
Calculate -45 + 63 - (110 + (-7 - 3)).
-82
Evaluate 36 + -22 - (-9 - -68 - 5).
-40
What is 17 - (-19 - -46 - 50)?
40
What is -61 + (9 - ((-2 - -13) + -2 + (17 - 23)))?
-55
Calculate 11 - (-45 - ((-20 - -14 - -2) + -8)).
44
What is the value of -16 + (5 - (8 + 14 + -62))?
29
Evaluate (0 - (6 + (-12 - 0 - -11)) - -42) + 11.
48
-9 + (-8 - (0 + -8 + (7 - 10))) + -4
-10
Evaluate 3 - (17 - 17) - (5 + -15 + 2).
11
What is -29 + 2 + -1 + 1561 + -1524?
9
What is 2125 - 2134 - (2 - -27)?
-38
What is the value of 3 + -9 + (-4 - -10) - (-7 + -44)?
51
Evaluate -49 + 9 + 18 + (-17 - -10) + -31.
-60
7913 - 7886 - (-23 + 1 + 1)
48
-1818 - -1820 - ((-44 - -2) + 1 + 4 + -5)
44
(24 - (-9 - -17)) + 33 - (-36 + 23)
62
Calculate 147 - (-29 + 109 + -41).
108
(2 - 0 - 2 - 0) + 12 + 9609 + -9716
-95
What is -70 - 2 - (1574 - 1569)?
-77
Calculate -31 - ((11 + -26 - -62) + -11).
-67
What is the value of (12 + 50 - 24 - 39) + (-1 - -27)?
25
What is 70 + 4 + -10 + -6?
58
-120 + 110 + 4 + -17
-23
What is (-75 - 15) + (-122 - -206)?
-6
142 + -97 + -81 + 90
54
Evaluate (17 - 8) + (2 - (11 - 7)).
7
-63 + 0 - (-515 + 486)
-34
Calculate 6 + 48 + (-7 - 22).
25
-113 + -15 + 103 + -6
-31
What is 26 + (60 - (35 + 80))?
-29
What is the value of -8 - (-11 + (20 - 23)) - -9?
15
Calculate 32 - (11 + -70 + 128).
-37
What is the value of (1 - -13) + (42 - (36 - 43)) - (2 + 12)?
49
-13 + (-22 - (-73 + 18 + 8))
12
What is (-13 - (-74 - (19 - 38))) + -8?
34
What is the value of -47 + 23 + 22 - (-1 - -12)?
-13
What is the value of (9016 - 9056) + (5 + -2 - -9) + -3?
-31
Evaluate 5 - -18 - 22 - 1 - 48.
-48
Calculate (-18 - (-36 - -28)) + 21 + -4 + 9 - 0.
16
Evaluate 95 + -78 - (2 - (-22 + 12)) - 101.
-96
Evaluate 15 - (((-2 - 4) + -15 - -6) + 29).
1
4 + 0 + -3 + (82 - 17) + -65
1
Calculate -116 + 4 - (-2927 - -2707).
108
Evaluate 69 + (16 + -10 + 3 - (5 - (9 + -2))).
80
Evaluate 3 + 33 - (-19 - (11 + 14 + -45)).
35
What is -26 - (-48 + (-56 - -50))?
28
Calculate -32 + -4 + -7 + 9 + 25.
-9
Calculate (-25 - -51) + (-26 - (30 - -13)).
-43
Evaluate 50 - 33 - -25 - (10 + -4 - 13).
49
What is 4 - 48 - (22 - (42 - 6) - -8)?
-38
-10 - 1 - (25 + -66 + 23) - 6
1
Evaluate -4 + (-11 + -1 - -46) + -93.
-63
What is -18 + (-66 - (-77 - -57))?
-64
29 - (21 - -33 - -8)
-33
Calculate 5 + 11 + -39 - (-6 + 0 - 1).
-16
Calculate 7 - (29 + -94 + 42).
30
(-1 - 87) + (-1121 - -1103)
-106
What is the value of (20 + (-5 - (-4 + -1 + 6)) - 4) + -40?
-30
What is (-32 - 18 - -44) + -33?
-39
Calculate 4 + 55 + 10 + (-12 - -5 - -14 - 17).
59
Evaluate 73 + -32 + -26 + (8 - -48) + (0 - -10).
81
Evaluate (-5 - -2 - -12) + (2 - 7) - 48.
-44
What is the value of -34 - (24 - (47 + 21))?
10
What is the value of -113 - (-293 + -129 + 180)?
129
Evaluate 224 - 164 - (58 - 3).
5
What is the value of 16 - (15 - -18) - (-1 + 10)?
-26
13 - (23 - (-21 - -20)) - 1
-12
Calculate 26 - 78 - (6 + -8 + -13) - 18.
-55
What is the value of -5 + 0 + 8 + -41?
-38
Evaluate 17 + -10 - 15 - (-3 - 6 - (27 + -26)).
2
What is (-4 - ((-1 - -20) + 238 + -226)) + -1 + 10?
-26
What is the value of (-1 - 102) + (-294 - -305) + -4 + 9 + -20?
-107
Calculate (0 - -120) + (-989 - -937).
68
What is the value of (-54 - -66) + (44 - 45 - (64 - (0 - -3)))?
-50
What is the value of 9428 - 9379 - (-3 + 4 + 12)?
36
What is -80 - (-57 - (-43 - -29))?
-37
What is (0 - 16 - (-5 - (-23 + 31))) + 34?
31
Evaluate 60 + -13 + (-113 - -61) - 82.
-87
Evaluate (-3 - -6) + 6 + -2 + -49.
-42
What is the value of ((-18 - (-5 + -4)) + 22 - 12) + 12 - 4?
9
Calculate 9 + (60 - (-11 - (-15 - -1 - 10))).
56
Calculate -1749 + 1854 + (-209 - 0).
-104
-23 + -4 - (276 - 237)
-66
What is -15 + 34 - (7 + (-2 - -5 - 31))?
40
What is -13 + 0 + (-120 + -1 - 14)?
-148
What is the value of -16 + 5 + -4 - ((28 - (35 + 5)) + 5)?
-8
What is -1 - -85 - (-3848 - -3925)?
7
What is the value of -127 - (41 - 79) - -23?
-66
Evaluate 47 + 3 + -51 + -2 + 1.
-2
What is -426 + 340 + (-7 - -176)?
83
Evaluate -131 + 326 + -123 + -115.
-43
What is the value of 80 + 0 + -7360 + 7337?
57
What is the value of -3333 - -3260 - (0 + -48)?
-25
68 - (96 + -77 + 60)
-11
Evaluate -7 - 26 - (0 - (4 - (-3 - -7))).
-33
What is (-87 - -42) + (3 - 6 - -4) + 7?
-37
What is 4 + 10 + -4 + 13 + 1?
24
Calculate -5 + 7 - 60 - (4 + -19 + 3 + 8).
-54
Calculate (-2 - 5) + 28 + -10 + 6 + -3.
14
10 + -12 + ((-17 - -7) + 23 - 39)
-28
-29 - -69 - (-16 - -51) - (0 + 62)
-57
Evaluate -1 + -4 + (6 - -1) + (2 - (1 + -31)).
34
What is -57 + (8 - -2 - ((148 - 151) + 6 + -1))?
-49
-3 + 3 + -8 + (47 + -32 - (-1 - -53))
-45
What is the value of 53 - 46 - -61 - 46?
22
What is -12 - -6 - -30 - (-405 + 380)?
49
(46 - 58 - (1 + 44) - -14) + 14
-29
Calculate (-98 - 20) + (0 + (20 - 3) - 4) - -15.
-90
What is the value of 61 + (-148 + 60 - -35)?
8
What is the value of -20 + -11 + 24 + (10 - 10 - (8 + -2))?
-13
What is 12 + -2 + (-17 - -8)?
1
2483 + -2474 - (12 + -3 - -2)
-2
(-85 + 69 - 12) + -29
-57
Evaluate (5 - 10) + (-11 - (-17 + (-5 - -11))).
-5
What is the value of (6 - (19 - -7)) + 43 + 35?
58
Calculate 12 + -4 + (-27 + 5 - -2).
-12
Calculate 52 + (-96 - (-20 + -5)).
-19
66 - (-12 + -13 + (7 - (-9 + 26)) + 35)
66
Evaluate -79 + 126 + 35 - (48 + 0).
34
Evaluate 66 + -129 + 173 + (-27 - -4).
87
What is the value of (24 - 26) + 12 + 8 + -27 + 6 + 40?
37
Calculate 3 - -31 - (46 + -32).
20
What is the value of 1 + -5 + -11 + 14 + -3 + -38?
-42
Calculate 1 + 98 + (-73 - -48) + 11.
85
What is the value of (1 - (3 + -4)) + -1 - (907 + -979)?
73
What is (444 - 448 - (-1 - (0 + -10))) + 2 - -83?
72
-7 + -9 - (28 - (71 + -30))
-3
Calculate 10 - (-5 - -3 - (-11 + 16 - 9)) - -25.
33
What is 139 + 81 + -150 + -40?
30
-18 - -18 - (3 + 7 + -7 + 5 - -97)
-105
81 + -86 - (-6 - 0) - (6 + -14)
9
What is 82 - 85 - (-69 + (0 - 1) - (20 - 15))?
72
Evaluate -35 + (0 - -5) - (-2191 - -2043).
118
Calculate 156 - 69 - -10 - 38.
59
What is the value of -3 - -88 - -1 - (-104 + 37 + 81)?
72
Calculate (3 - 51 - -54) + -44.
-38
Calculate -58 + (-74 - -120) + 127 + (-1 - (-2 - -1)).
115
Calculate (-75 - 5) + (-28 - (21 + -64)).
-65
What is 36 + -7 + 15 - (9 + -19 + 13)?
41
What is the value of -62 + 19 + (-49 - -22) + 19?
-51
What is 11 + -2 + 45 + (57 + -56 - -12)?
67
Evaluate 9 - (108 + (16 + (7 - 19) - 15 - -10)).
-98
-1 - 2 - (-676 - -721)
-48
-62 - (-29 - (-27 - -12))
-48
What is 2 + 55 + (-64 + -124 - -174)?
43
Calculate 205 + -345 - (14 - 97).
-57
What is 2 + (6 - (9 + 2)) + 11 + 13?
21
4 + (7 + (2 - 7 - 10) - -3) - -49
48
What is 12 - 31 - 24 - (-24 + 4)?
-23
What is the value of -16 - 0 - (-76 - (51 - 15 - 28))?
68
(8 - 109) + (-2 - -1 - (-28 + 22))
-96
What is the value of -38 + 8 + (-8 - -8) + (-15 - -9)?
-36
Evaluate -40 - (-156 + 55 - 25).
86
Evaluate 6 + 54 + (-8 - 4 - 7).
41
Evaluate 0 + (-174 - -62) + 59.
-53
Evaluate (-23 - (17 + -5 + -1)) + -25.
-59
Calculate -13 - ((18 - (14 + 15)) + 15).
-17
Evaluate -15 + 11 + -22 + (2 - -58).
34
Calculate 5 + (-27 - (15 + -55) - (-2 + 6)).
14
Evaluate -23 + 2 + -82 + -74 + 147.
-30
Calculate (-5 - (11 + -6)) + 0 - ((1 - 85) + 0).
74
-2 + 11 - ((-3 - -10) + -41 + -3 + 1)
45
Evaluate (13 - 45) + (-3 - (-6 + (6 - 3)) - -4).
-28
37 - (2 - (13 + (10 - 12) + -2 + -15))
29
What is (-1 - -23) + (-16 - -9) + (-26 - -27)?
16
(7 - -2) + (-28 + 12 - 5) - 16
-28
-93 + -64 + 89 - 50
-118
Evaluate -30 - (-25 + -6) - 38.
-37
Evaluate (-1 - 20) + (-82 - -78).
-25
-157 + 2 - (18 - (223 - 157))
-107
Evaluate (63 + 33 - 60) + -48.
-12
What is the value of -143 - (-168 + 15) - (-3 + (47 - (1 - 3)))?
-36
Calculate -1 + 40 - (38 - 3).
4
What is the value of 1 + -5 - (-107 - (-46 - 74))?
-17
What is -22 + (-12 - -27) + -32?
-39
Calculate (13 - 9) + -58 + 61 - 136.
-129
What is -34 - -30 - (7 - (5 - 13))?
-19
Evaluate -1 - 53 - (-9 - (125 - 111 - (2 + 23))).
-56
Evaluate -8 - (7 + 9 + -17) - (6 - (5 + -1)).
-9
Calculate 16 + (64 + -13 - (51 - 25)).
41
Wha